Last updated on 2024-07-18 09:52:11 CEST.
Flavor | Version | Tinstall | Tcheck | Ttotal | Status | Flags |
---|---|---|---|---|---|---|
r-devel-linux-x86_64-debian-clang | 0.10.0 | 183.86 | 353.19 | 537.05 | OK | |
r-devel-linux-x86_64-debian-gcc | 0.10.0 | 126.51 | 363.31 | 489.82 | OK | |
r-devel-linux-x86_64-fedora-clang | 0.10.0 | 715.74 | OK | |||
r-devel-windows-x86_64 | 0.10.0 | 151.00 | 369.00 | 520.00 | OK | |
r-patched-linux-x86_64 | 0.10.0 | 164.46 | 496.90 | 661.36 | OK | |
r-release-linux-x86_64 | 0.10.0 | 131.93 | 516.66 | 648.59 | OK | |
r-release-macos-arm64 | 0.10.0 | 174.00 | NOTE | |||
r-release-macos-x86_64 | 0.10.0 | 243.00 | NOTE | |||
r-release-windows-x86_64 | 0.10.0 | 148.00 | 352.00 | 500.00 | OK | |
r-oldrel-macos-arm64 | 0.10.0 | 188.00 | NOTE | |||
r-oldrel-macos-x86_64 | 0.10.0 | 347.00 | NOTE | |||
r-oldrel-windows-x86_64 | 0.10.0 | 194.00 | 419.00 | 613.00 | OK |
Version: 0.10.0
Check: installed package size
Result: NOTE
installed size is 16.1Mb
sub-directories of 1Mb or more:
libs 14.5Mb
Flavors: r-release-macos-arm64, r-release-macos-x86_64, r-oldrel-macos-arm64, r-oldrel-macos-x86_64