Last updated on 2024-07-18 09:52:12 CEST.
Flavor | Version | Tinstall | Tcheck | Ttotal | Status | Flags |
---|---|---|---|---|---|---|
r-devel-linux-x86_64-debian-clang | 0.8.0 | 70.20 | 347.94 | 418.14 | OK | |
r-devel-linux-x86_64-debian-gcc | 0.8.0 | 60.02 | 252.70 | 312.72 | OK | |
r-devel-linux-x86_64-fedora-clang | 0.8.0 | 530.75 | NOTE | |||
r-devel-windows-x86_64 | 0.8.0 | 53.00 | 236.00 | 289.00 | NOTE | |
r-patched-linux-x86_64 | 0.8.0 | 0.68 | 2.36 | 3.04 | ERROR | |
r-release-linux-x86_64 | 0.8.0 | 0.81 | 2.35 | 3.16 | ERROR | |
r-release-macos-arm64 | 0.8.0 | 96.00 | NOTE | |||
r-release-macos-x86_64 | 0.8.0 | 8.00 | ERROR | |||
r-release-windows-x86_64 | 0.8.0 | 53.00 | 238.00 | 291.00 | NOTE | |
r-oldrel-macos-arm64 | 0.8.0 | 10.00 | ERROR | |||
r-oldrel-macos-x86_64 | 0.8.0 | 166.00 | NOTE | |||
r-oldrel-windows-x86_64 | 0.8.0 | 69.00 | 290.00 | 359.00 | NOTE |
Version: 0.8.0
Check: installed package size
Result: NOTE
installed size is 7.0Mb
sub-directories of 1Mb or more:
data 4.5Mb
doc 1.6Mb
Flavors: r-devel-linux-x86_64-fedora-clang, r-devel-windows-x86_64, r-release-macos-arm64, r-release-windows-x86_64, r-oldrel-macos-x86_64, r-oldrel-windows-x86_64
Version: 0.8.0
Check: data for non-ASCII characters
Result: NOTE
Note: found 32 marked UTF-8 strings
Flavor: r-devel-linux-x86_64-fedora-clang
Version: 0.8.0
Check: Rd cross-references
Result: NOTE
Found the following Rd file(s) with Rd \link{} targets missing package
anchors:
ctmaAllInvFit.Rd: ctStanFit
ctmaFit.Rd: ctStanFit, ctsem
ctmaInit.Rd: ctStanFit, ctsem
ctmaOptimizeFit.Rd: ctStanFit
ctmaOptimizeInit.Rd: ctStanFit
ctmaPlotCtsemMod.Rd: ctsem
ctmaScaleInits.Rd: ctStanFit
Please provide package anchors for all Rd \link{} targets not in the
package itself and the base packages.
Flavor: r-devel-windows-x86_64
Version: 0.8.0
Check: package dependencies
Result: ERROR
Package required but not available: ‘ctsem’
See section ‘The DESCRIPTION file’ in the ‘Writing R Extensions’
manual.
Flavors: r-patched-linux-x86_64, r-release-linux-x86_64, r-release-macos-x86_64, r-oldrel-macos-arm64