Last updated on 2024-07-18 09:52:11 CEST.
Flavor | Version | Tinstall | Tcheck | Ttotal | Status | Flags |
---|---|---|---|---|---|---|
r-devel-linux-x86_64-debian-clang | 0.2.1 | 10.56 | 983.35 | 993.91 | OK | |
r-devel-linux-x86_64-debian-gcc | 0.2.1 | 7.34 | 711.92 | 719.26 | OK | |
r-devel-linux-x86_64-fedora-clang | 0.2.1 | 1122.66 | NOTE | |||
r-devel-windows-x86_64 | 0.2.1 | 11.00 | 560.00 | 571.00 | NOTE | |
r-patched-linux-x86_64 | 0.2.1 | 9.17 | 923.39 | 932.56 | OK | |
r-release-linux-x86_64 | 0.2.1 | 9.13 | 933.24 | 942.37 | OK | |
r-release-macos-arm64 | 0.2.1 | 222.00 | NOTE | |||
r-release-macos-x86_64 | 0.2.1 | 400.00 | NOTE | |||
r-release-windows-x86_64 | 0.2.1 | 11.00 | 547.00 | 558.00 | NOTE | |
r-oldrel-macos-arm64 | 0.2.1 | 259.00 | NOTE | |||
r-oldrel-macos-x86_64 | 0.2.1 | 502.00 | NOTE | |||
r-oldrel-windows-x86_64 | 0.2.1 | 13.00 | 815.00 | 828.00 | NOTE |
Version: 0.2.1
Check: installed package size
Result: NOTE
installed size is 6.2Mb
sub-directories of 1Mb or more:
doc 5.6Mb
Flavors: r-devel-linux-x86_64-fedora-clang, r-devel-windows-x86_64, r-release-macos-arm64, r-release-macos-x86_64, r-release-windows-x86_64, r-oldrel-macos-arm64, r-oldrel-macos-x86_64, r-oldrel-windows-x86_64