Last updated on 2024-07-18 09:52:12 CEST.
Flavor | Version | Tinstall | Tcheck | Ttotal | Status | Flags |
---|---|---|---|---|---|---|
r-devel-linux-x86_64-debian-clang | 1.0 | 4.78 | 98.67 | 103.45 | OK | |
r-devel-linux-x86_64-debian-gcc | 1.0 | 2.96 | 73.07 | 76.03 | OK | |
r-devel-linux-x86_64-fedora-clang | 1.0 | 127.27 | NOTE | |||
r-devel-windows-x86_64 | 1.0 | 4.00 | 90.00 | 94.00 | OK | |
r-patched-linux-x86_64 | 1.0 | 4.87 | 94.76 | 99.63 | OK | |
r-release-linux-x86_64 | 1.0 | 4.44 | 96.90 | 101.34 | OK | |
r-release-macos-arm64 | 1.0 | 44.00 | OK | |||
r-release-macos-x86_64 | 1.0 | 67.00 | OK | |||
r-release-windows-x86_64 | 1.0 | 5.00 | 89.00 | 94.00 | OK | |
r-oldrel-macos-arm64 | 1.0 | 47.00 | OK | |||
r-oldrel-macos-x86_64 | 1.0 | 68.00 | OK | |||
r-oldrel-windows-x86_64 | 1.0 | 6.00 | 107.00 | 113.00 | OK |
Version: 1.0
Check: dependencies in R code
Result: NOTE
Namespace in Imports field not imported from: ‘mvtnorm’
All declared Imports should be used.
Flavor: r-devel-linux-x86_64-fedora-clang