Last updated on 2024-07-18 09:52:12 CEST.
Flavor | Version | Tinstall | Tcheck | Ttotal | Status | Flags |
---|---|---|---|---|---|---|
r-devel-linux-x86_64-debian-clang | 1.0.2 | 45.89 | 609.70 | 655.59 | OK | |
r-devel-linux-x86_64-debian-gcc | 1.0.2 | 27.44 | 440.68 | 468.12 | OK | |
r-devel-linux-x86_64-fedora-clang | 1.0.2 | 807.29 | NOTE | |||
r-devel-windows-x86_64 | 1.0.2 | 36.00 | 397.00 | 433.00 | NOTE | |
r-patched-linux-x86_64 | 1.0.2 | 46.33 | 575.32 | 621.65 | OK | |
r-release-linux-x86_64 | 1.0.2 | 38.17 | 569.97 | 608.14 | OK | |
r-release-macos-arm64 | 1.0.2 | 170.00 | NOTE | |||
r-release-macos-x86_64 | 1.0.2 | 268.00 | NOTE | |||
r-release-windows-x86_64 | 1.0.2 | 37.00 | 384.00 | 421.00 | NOTE | |
r-oldrel-macos-arm64 | 1.0.2 | 120.00 | NOTE | |||
r-oldrel-macos-x86_64 | 1.0.2 | 225.00 | NOTE | |||
r-oldrel-windows-x86_64 | 1.0.2 | 49.00 | 503.00 | 552.00 | NOTE |
Version: 1.0.2
Check: installed package size
Result: NOTE
installed size is 5.4Mb
sub-directories of 1Mb or more:
data 1.2Mb
doc 2.9Mb
Flavors: r-devel-linux-x86_64-fedora-clang, r-devel-windows-x86_64, r-release-macos-arm64, r-release-macos-x86_64, r-release-windows-x86_64, r-oldrel-macos-arm64, r-oldrel-macos-x86_64, r-oldrel-windows-x86_64