CRAN Package Check Results for Package D2MCS

Last updated on 2025-07-04 17:54:30 CEST.

Flavor Version Tinstall Tcheck Ttotal Status Flags
r-devel-linux-x86_64-debian-clang 1.0.1 72.95 291.05 364.00 NOTE
r-devel-linux-x86_64-debian-gcc 1.0.1 44.10 197.94 242.04 NOTE
r-devel-linux-x86_64-fedora-clang 1.0.1 577.12 OK
r-devel-linux-x86_64-fedora-gcc 1.0.1 560.43 OK
r-devel-windows-x86_64 1.0.1 61.00 256.00 317.00 NOTE
r-patched-linux-x86_64 1.0.1 71.69 270.09 341.78 NOTE
r-release-linux-x86_64 1.0.1 59.65 269.95 329.60 NOTE
r-release-macos-arm64 1.0.1 175.00 OK
r-release-macos-x86_64 1.0.1 281.00 OK
r-release-windows-x86_64 1.0.1 64.00 274.00 338.00 NOTE
r-oldrel-macos-arm64 1.0.1 146.00 OK
r-oldrel-macos-x86_64 1.0.1 214.00 OK
r-oldrel-windows-x86_64 1.0.1 92.00 340.00 432.00 OK

Check Details

Version: 1.0.1
Check: CRAN incoming feasibility
Result: NOTE Maintainer: ‘Miguel Ferreiro-Díaz <miguel.ferreiro.diaz@gmail.com>’ Package CITATION file contains call(s) to old-style personList() or as.personList(). Please use c() on person objects instead. Package CITATION file contains call(s) to old-style citEntry(). Please use bibentry() instead. Flavors: r-devel-linux-x86_64-debian-clang, r-devel-linux-x86_64-debian-gcc

Version: 1.0.1
Check: Rd cross-references
Result: NOTE Found the following Rd file(s) with Rd \link{} targets missing package anchors: ConfMatrix.Rd: R6 D2MCS.Rd: getModelInfo GainRatioHeuristic.Rd: gain.ratio Please provide package anchors for all Rd \link{} targets not in the package itself and the base packages. Flavors: r-devel-linux-x86_64-debian-clang, r-devel-linux-x86_64-debian-gcc, r-devel-windows-x86_64, r-patched-linux-x86_64, r-release-linux-x86_64, r-release-windows-x86_64