Last updated on 2024-07-18 09:52:12 CEST.
Flavor | Version | Tinstall | Tcheck | Ttotal | Status | Flags |
---|---|---|---|---|---|---|
r-devel-linux-x86_64-debian-clang | 0.5.0 | 5.40 | 35.79 | 41.19 | NOTE | |
r-devel-linux-x86_64-debian-gcc | 0.5.0 | 3.78 | 26.75 | 30.53 | NOTE | |
r-devel-linux-x86_64-fedora-clang | 0.5.0 | 50.71 | NOTE | |||
r-devel-windows-x86_64 | 0.5.0 | 5.00 | 49.00 | 54.00 | NOTE | |
r-patched-linux-x86_64 | 0.5.0 | 4.48 | 33.90 | 38.38 | NOTE | |
r-release-linux-x86_64 | 0.5.0 | 4.01 | 34.64 | 38.65 | NOTE | |
r-release-macos-arm64 | 0.5.0 | 20.00 | NOTE | |||
r-release-macos-x86_64 | 0.5.0 | 27.00 | NOTE | |||
r-release-windows-x86_64 | 0.5.0 | 6.00 | 51.00 | 57.00 | NOTE | |
r-oldrel-macos-arm64 | 0.5.0 | 21.00 | NOTE | |||
r-oldrel-macos-x86_64 | 0.5.0 | 28.00 | NOTE | |||
r-oldrel-windows-x86_64 | 0.5.0 | 7.00 | 53.00 | 60.00 | NOTE |
Version: 0.5.0
Check: LazyData
Result: NOTE
'LazyData' is specified without a 'data' directory
Flavors: r-devel-linux-x86_64-debian-clang, r-devel-linux-x86_64-debian-gcc, r-devel-linux-x86_64-fedora-clang, r-devel-windows-x86_64, r-patched-linux-x86_64, r-release-linux-x86_64, r-release-macos-arm64, r-release-macos-x86_64, r-release-windows-x86_64, r-oldrel-macos-arm64, r-oldrel-macos-x86_64, r-oldrel-windows-x86_64
Version: 0.5.0
Check: installed package size
Result: NOTE
installed size is 5.0Mb
sub-directories of 1Mb or more:
img 4.4Mb
Flavor: r-devel-linux-x86_64-fedora-clang
Version: 0.5.0
Check: dependencies in R code
Result: NOTE
Namespace in Imports field not imported from: ‘titanic’
All declared Imports should be used.
Flavor: r-devel-linux-x86_64-fedora-clang