Last updated on 2024-07-18 09:52:12 CEST.
Flavor | Version | Tinstall | Tcheck | Ttotal | Status | Flags |
---|---|---|---|---|---|---|
r-devel-linux-x86_64-debian-clang | 0.5.3 | 437.74 | 151.76 | 589.50 | NOTE | |
r-devel-linux-x86_64-debian-gcc | 0.5.3 | 318.10 | 130.91 | 449.01 | NOTE | |
r-devel-linux-x86_64-fedora-clang | 0.5.3 | 697.26 | NOTE | |||
r-devel-windows-x86_64 | 0.5.3 | 282.00 | 150.00 | 432.00 | NOTE | |
r-patched-linux-x86_64 | 0.5.3 | 0.01 | 2.23 | 2.24 | ERROR | |
r-release-linux-x86_64 | 0.5.3 | 288.18 | 173.19 | 461.37 | NOTE | |
r-release-macos-arm64 | 0.5.3 | 163.00 | NOTE | |||
r-release-macos-x86_64 | 0.5.3 | 220.00 | NOTE | |||
r-release-windows-x86_64 | 0.5.3 | 284.00 | 151.00 | 435.00 | NOTE | |
r-oldrel-macos-arm64 | 0.5.3 | 174.00 | NOTE | |||
r-oldrel-macos-x86_64 | 0.5.3 | 283.00 | NOTE | |||
r-oldrel-windows-x86_64 | 0.5.3 | 375.00 | 186.00 | 561.00 | NOTE |
Version: 0.5.3
Check: for GNU extensions in Makefiles
Result: NOTE
GNU make is a SystemRequirements.
Flavors: r-devel-linux-x86_64-debian-clang, r-devel-linux-x86_64-debian-gcc, r-devel-linux-x86_64-fedora-clang, r-devel-windows-x86_64, r-release-linux-x86_64, r-release-macos-arm64, r-release-macos-x86_64, r-release-windows-x86_64, r-oldrel-macos-arm64, r-oldrel-macos-x86_64, r-oldrel-windows-x86_64
Version: 0.5.3
Check: data for non-ASCII characters
Result: NOTE
Note: found 38 marked UTF-8 strings
Flavor: r-devel-linux-x86_64-fedora-clang
Version: 0.5.3
Check: whether package can be installed
Result: ERROR
Installation failed.
Flavor: r-patched-linux-x86_64
Version: 0.5.3
Check: installed package size
Result: NOTE
installed size is 84.0Mb
sub-directories of 1Mb or more:
libs 83.6Mb
Flavors: r-release-macos-arm64, r-release-macos-x86_64, r-oldrel-macos-arm64, r-oldrel-macos-x86_64