Last updated on 2024-07-27 17:57:49 CEST.
Flavor | Version | Tinstall | Tcheck | Ttotal | Status | Flags |
---|---|---|---|---|---|---|
r-devel-linux-x86_64-debian-clang | 0.1.0 | 59.09 | 520.25 | 579.34 | OK | |
r-devel-linux-x86_64-debian-gcc | 0.1.0 | OK | ||||
r-devel-linux-x86_64-fedora-clang | 0.1.0 | 770.57 | OK | |||
r-devel-linux-x86_64-fedora-gcc | 0.1.0 | 743.07 | OK | |||
r-devel-windows-x86_64 | 0.1.0 | 51.00 | 5.00 | 56.00 | ERROR | |
r-patched-linux-x86_64 | 0.1.0 | OK | ||||
r-release-linux-x86_64 | 0.1.0 | 45.78 | 508.27 | 554.05 | OK | |
r-release-macos-arm64 | 0.1.0 | 5.00 | ERROR | |||
r-release-macos-x86_64 | 0.1.0 | 305.00 | OK | |||
r-release-windows-x86_64 | 0.1.0 | 53.00 | 343.00 | 396.00 | OK | |
r-oldrel-macos-arm64 | 0.1.0 | 9.00 | ERROR | |||
r-oldrel-macos-x86_64 | 0.1.0 | 11.00 | ERROR | |||
r-oldrel-windows-x86_64 | 0.1.0 | 1.00 | 8.00 | 9.00 | ERROR |
Version: 0.1.0
Check: whether package can be installed
Result: ERROR
Installation failed.
Flavor: r-devel-windows-x86_64
Version: 0.1.0
Check: package dependencies
Result: ERROR
Package required but not available: ‘signatureSearch’
See section ‘The DESCRIPTION file’ in the ‘Writing R Extensions’
manual.
Flavor: r-release-macos-arm64
Version: 0.1.0
Check: package dependencies
Result: ERROR
Packages required but not available:
'signatureSearch', 'signatureSearchData'
See section ‘The DESCRIPTION file’ in the ‘Writing R Extensions’
manual.
Flavors: r-oldrel-macos-arm64, r-oldrel-macos-x86_64
Version: 0.1.0
Check: package dependencies
Result: ERROR
Package required but not available: 'signatureSearchData'
See section 'The DESCRIPTION file' in the 'Writing R Extensions'
manual.
Flavor: r-oldrel-windows-x86_64