Last updated on 2024-07-18 09:52:12 CEST.
Flavor | Version | Tinstall | Tcheck | Ttotal | Status | Flags |
---|---|---|---|---|---|---|
r-devel-linux-x86_64-debian-clang | 1.0.0 | 79.86 | 139.72 | 219.58 | OK | |
r-devel-linux-x86_64-debian-gcc | 1.0.0 | 60.11 | 99.75 | 159.86 | OK | |
r-devel-linux-x86_64-fedora-clang | 1.0.0 | 288.81 | OK | |||
r-devel-windows-x86_64 | 1.0.0 | 68.00 | 130.00 | 198.00 | OK | |
r-patched-linux-x86_64 | 1.0.0 | 56.45 | 129.59 | 186.04 | OK | |
r-release-linux-x86_64 | 1.0.0 | 72.45 | 129.88 | 202.33 | OK | |
r-release-macos-arm64 | 1.0.0 | 80.00 | NOTE | |||
r-release-macos-x86_64 | 1.0.0 | 139.00 | NOTE | |||
r-release-windows-x86_64 | 1.0.0 | 65.00 | 130.00 | 195.00 | OK | |
r-oldrel-macos-arm64 | 1.0.0 | 85.00 | NOTE | |||
r-oldrel-macos-x86_64 | 1.0.0 | 146.00 | NOTE | |||
r-oldrel-windows-x86_64 | 1.0.0 | 82.00 | 158.00 | 240.00 | OK |
Version: 1.0.0
Check: installed package size
Result: NOTE
installed size is 5.4Mb
sub-directories of 1Mb or more:
libs 4.2Mb
Flavors: r-release-macos-arm64, r-release-macos-x86_64, r-oldrel-macos-arm64, r-oldrel-macos-x86_64