Last updated on 2024-07-18 09:52:13 CEST.
Flavor | Version | Tinstall | Tcheck | Ttotal | Status | Flags |
---|---|---|---|---|---|---|
r-devel-linux-x86_64-debian-clang | 1.0 | 162.61 | 383.70 | 546.31 | OK | |
r-devel-linux-x86_64-debian-gcc | 1.0 | 106.02 | 251.44 | 357.46 | OK | |
r-devel-linux-x86_64-fedora-clang | 1.0 | 751.46 | OK | |||
r-devel-windows-x86_64 | 1.0 | 124.00 | 238.00 | 362.00 | OK | |
r-patched-linux-x86_64 | 1.0 | 130.74 | 328.08 | 458.82 | OK | |
r-release-linux-x86_64 | 1.0 | 133.44 | 328.87 | 462.31 | OK | |
r-release-macos-arm64 | 1.0 | 172.00 | NOTE | |||
r-release-macos-x86_64 | 1.0 | 213.00 | NOTE | |||
r-release-windows-x86_64 | 1.0 | 123.00 | 238.00 | 361.00 | OK | |
r-oldrel-macos-arm64 | 1.0 | 176.00 | NOTE | |||
r-oldrel-macos-x86_64 | 1.0 | 348.00 | NOTE | |||
r-oldrel-windows-x86_64 | 1.0 | 152.00 | 299.00 | 451.00 | OK |
Version: 1.0
Check: installed package size
Result: NOTE
installed size is 6.7Mb
sub-directories of 1Mb or more:
libs 6.1Mb
Flavors: r-release-macos-arm64, r-release-macos-x86_64, r-oldrel-macos-arm64, r-oldrel-macos-x86_64