Last updated on 2024-07-18 09:52:13 CEST.
Flavor | Version | Tinstall | Tcheck | Ttotal | Status | Flags |
---|---|---|---|---|---|---|
r-devel-linux-x86_64-debian-clang | 0.0.4 | 9.59 | 263.39 | 272.98 | NOTE | |
r-devel-linux-x86_64-debian-gcc | 0.0.4 | 7.67 | 192.38 | 200.05 | NOTE | |
r-devel-linux-x86_64-fedora-clang | 0.0.4 | 332.86 | NOTE | |||
r-devel-windows-x86_64 | 0.0.4 | 8.00 | 172.00 | 180.00 | NOTE | |
r-patched-linux-x86_64 | 0.0.4 | 8.10 | 252.71 | 260.81 | NOTE | |
r-release-linux-x86_64 | 0.0.4 | 8.29 | 257.20 | 265.49 | NOTE | |
r-release-macos-arm64 | 0.0.4 | 84.00 | NOTE | |||
r-release-macos-x86_64 | 0.0.4 | 138.00 | NOTE | |||
r-release-windows-x86_64 | 0.0.4 | 8.00 | 172.00 | 180.00 | NOTE | |
r-oldrel-macos-arm64 | 0.0.4 | 91.00 | NOTE | |||
r-oldrel-macos-x86_64 | 0.0.4 | 175.00 | NOTE | |||
r-oldrel-windows-x86_64 | 0.0.4 | 11.00 | 233.00 | 244.00 | NOTE |
Version: 0.0.4
Check: LazyData
Result: NOTE
'LazyData' is specified without a 'data' directory
Flavors: r-devel-linux-x86_64-debian-clang, r-devel-linux-x86_64-debian-gcc, r-devel-linux-x86_64-fedora-clang, r-devel-windows-x86_64, r-patched-linux-x86_64, r-release-linux-x86_64, r-release-macos-arm64, r-release-macos-x86_64, r-release-windows-x86_64, r-oldrel-macos-arm64, r-oldrel-macos-x86_64, r-oldrel-windows-x86_64