Last updated on 2024-07-18 09:52:13 CEST.
Flavor | Version | Tinstall | Tcheck | Ttotal | Status | Flags |
---|---|---|---|---|---|---|
r-devel-linux-x86_64-debian-clang | 0.9.6 | 10.42 | 180.07 | 190.49 | OK | |
r-devel-linux-x86_64-debian-gcc | 0.9.6 | 8.30 | 125.47 | 133.77 | OK | |
r-devel-linux-x86_64-fedora-clang | 0.9.6 | 240.74 | NOTE | |||
r-devel-windows-x86_64 | 0.9.6 | 13.00 | 139.00 | 152.00 | NOTE | |
r-patched-linux-x86_64 | 0.9.6 | 12.71 | 169.10 | 181.81 | OK | |
r-release-linux-x86_64 | 0.9.6 | 7.26 | 171.30 | 178.56 | OK | |
r-release-macos-arm64 | 0.9.6 | 69.00 | NOTE | |||
r-release-macos-x86_64 | 0.9.6 | 104.00 | NOTE | |||
r-release-windows-x86_64 | 0.9.6 | 12.00 | 141.00 | 153.00 | NOTE | |
r-oldrel-macos-arm64 | 0.9.6 | 69.00 | NOTE | |||
r-oldrel-macos-x86_64 | 0.9.6 | 175.00 | NOTE | |||
r-oldrel-windows-x86_64 | 0.9.6 | 14.00 | 179.00 | 193.00 | NOTE |
Version: 0.9.6
Check: installed package size
Result: NOTE
installed size is 5.3Mb
sub-directories of 1Mb or more:
appinformation 4.1Mb
Flavors: r-devel-linux-x86_64-fedora-clang, r-devel-windows-x86_64, r-release-macos-arm64, r-release-macos-x86_64, r-release-windows-x86_64, r-oldrel-macos-arm64, r-oldrel-macos-x86_64, r-oldrel-windows-x86_64