Last updated on 2024-07-18 09:52:13 CEST.
Flavor | Version | Tinstall | Tcheck | Ttotal | Status | Flags |
---|---|---|---|---|---|---|
r-devel-linux-x86_64-debian-clang | 0.1.1 | 71.22 | 159.43 | 230.65 | NOTE | |
r-devel-linux-x86_64-debian-gcc | 0.1.1 | 50.41 | 175.26 | 225.67 | NOTE | |
r-devel-linux-x86_64-fedora-clang | 0.1.1 | 321.86 | NOTE | |||
r-devel-windows-x86_64 | 0.1.1 | 60.00 | 179.00 | 239.00 | NOTE | |
r-patched-linux-x86_64 | 0.1.1 | 61.12 | 213.94 | 275.06 | NOTE | |
r-release-linux-x86_64 | 0.1.1 | 51.96 | 219.77 | 271.73 | NOTE | |
r-release-macos-arm64 | 0.1.1 | 122.00 | NOTE | |||
r-release-macos-x86_64 | 0.1.1 | 173.00 | NOTE | |||
r-release-windows-x86_64 | 0.1.1 | 61.00 | 182.00 | 243.00 | NOTE | |
r-oldrel-macos-arm64 | 0.1.1 | 135.00 | NOTE | |||
r-oldrel-macos-x86_64 | 0.1.1 | 206.00 | NOTE | |||
r-oldrel-windows-x86_64 | 0.1.1 | 76.00 | 239.00 | 315.00 | NOTE |
Version: 0.1.1
Check: C++ specification
Result: NOTE
Specified C++11: please drop specification unless essential
Flavors: r-devel-linux-x86_64-debian-clang, r-devel-linux-x86_64-debian-gcc, r-devel-linux-x86_64-fedora-clang, r-devel-windows-x86_64, r-patched-linux-x86_64, r-release-linux-x86_64, r-release-macos-arm64, r-release-macos-x86_64, r-release-windows-x86_64, r-oldrel-macos-arm64, r-oldrel-macos-x86_64, r-oldrel-windows-x86_64