Last updated on 2024-07-18 09:52:13 CEST.
Flavor | Version | Tinstall | Tcheck | Ttotal | Status | Flags |
---|---|---|---|---|---|---|
r-devel-linux-x86_64-debian-clang | 0.3-7 | 18.12 | 179.59 | 197.71 | OK | |
r-devel-linux-x86_64-debian-gcc | 0.3-7 | 11.54 | 134.79 | 146.33 | OK | |
r-devel-linux-x86_64-fedora-clang | 0.3-7 | 259.81 | OK | |||
r-devel-windows-x86_64 | 0.3-7 | 15.00 | 182.00 | 197.00 | NOTE | |
r-patched-linux-x86_64 | 0.3-7 | 23.59 | 172.66 | 196.25 | OK | |
r-release-linux-x86_64 | 0.3-7 | 10.00 | 173.65 | 183.65 | OK | |
r-release-macos-arm64 | 0.3-7 | 80.00 | OK | |||
r-release-macos-x86_64 | 0.3-7 | 119.00 | OK | |||
r-release-windows-x86_64 | 0.3-7 | 14.00 | 182.00 | 196.00 | OK | |
r-oldrel-macos-arm64 | 0.3-7 | 91.00 | OK | |||
r-oldrel-macos-x86_64 | 0.3-7 | 192.00 | OK | |||
r-oldrel-windows-x86_64 | 0.3-7 | 20.00 | 207.00 | 227.00 | OK |
Version: 0.3-7
Check: Rd cross-references
Result: NOTE
Found the following Rd file(s) with Rd \link{} targets missing package
anchors:
Onoue.Friberg.Rd: pomp
Please provide package anchors for all Rd \link{} targets not in the
package itself and the base packages.
Flavor: r-devel-windows-x86_64