Last updated on 2024-07-18 09:52:12 CEST.
Flavor | Version | Tinstall | Tcheck | Ttotal | Status | Flags |
---|---|---|---|---|---|---|
r-devel-linux-x86_64-debian-clang | 1.9.7 | 14.88 | 60.24 | 75.12 | OK | |
r-devel-linux-x86_64-debian-gcc | 1.9.7 | 10.90 | 44.90 | 55.80 | OK | |
r-devel-linux-x86_64-fedora-clang | 1.9.7 | 97.35 | NOTE | |||
r-devel-windows-x86_64 | 1.9.7 | 12.00 | 65.00 | 77.00 | OK | |
r-patched-linux-x86_64 | 1.9.7 | 13.94 | 57.86 | 71.80 | OK | |
r-release-linux-x86_64 | 1.9.7 | 10.60 | 57.62 | 68.22 | OK | |
r-release-macos-arm64 | 1.9.7 | 32.00 | OK | |||
r-release-macos-x86_64 | 1.9.7 | 42.00 | OK | |||
r-release-windows-x86_64 | 1.9.7 | 12.00 | 66.00 | 78.00 | OK | |
r-oldrel-macos-arm64 | 1.9.7 | 34.00 | OK | |||
r-oldrel-macos-x86_64 | 1.9.7 | 68.00 | OK | |||
r-oldrel-windows-x86_64 | 1.9.7 | 17.00 | 74.00 | 91.00 | OK |
Version: 1.9.7
Check: data for non-ASCII characters
Result: NOTE
Note: found 8 marked Latin-1 strings
Flavor: r-devel-linux-x86_64-fedora-clang