Last updated on 2024-07-18 09:52:12 CEST.
Flavor | Version | Tinstall | Tcheck | Ttotal | Status | Flags |
---|---|---|---|---|---|---|
r-devel-linux-x86_64-debian-clang | 1.0.10 | 8.97 | 269.42 | 278.39 | OK | |
r-devel-linux-x86_64-debian-gcc | 1.0.10 | 6.22 | 201.78 | 208.00 | OK | |
r-devel-linux-x86_64-fedora-clang | 1.0.10 | 335.02 | OK | |||
r-devel-windows-x86_64 | 1.0.10 | 11.00 | 197.00 | 208.00 | NOTE | |
r-patched-linux-x86_64 | 1.0.10 | 11.90 | 262.06 | 273.96 | OK | |
r-release-linux-x86_64 | 1.0.10 | 8.53 | 260.12 | 268.65 | OK | |
r-release-macos-arm64 | 1.0.10 | 94.00 | OK | |||
r-release-macos-x86_64 | 1.0.10 | 149.00 | OK | |||
r-release-windows-x86_64 | 1.0.10 | 11.00 | 197.00 | 208.00 | OK | |
r-oldrel-macos-arm64 | 1.0.10 | 104.00 | OK | |||
r-oldrel-macos-x86_64 | 1.0.10 | 268.00 | OK | |||
r-oldrel-windows-x86_64 | 1.0.10 | 14.00 | 263.00 | 277.00 | OK |
Version: 1.0.10
Check: Rd cross-references
Result: NOTE
Found the following Rd file(s) with Rd \link{} targets missing package
anchors:
declare_estimator.Rd: lm_robust, estimatr, glance
Please provide package anchors for all Rd \link{} targets not in the
package itself and the base packages.
Flavor: r-devel-windows-x86_64