Last updated on 2024-07-18 09:52:13 CEST.
Flavor | Version | Tinstall | Tcheck | Ttotal | Status | Flags |
---|---|---|---|---|---|---|
r-devel-linux-x86_64-debian-clang | 0.2.2 | 90.69 | 61.45 | 152.14 | NOTE | |
r-devel-linux-x86_64-debian-gcc | 0.2.2 | 56.34 | 45.55 | 101.89 | NOTE | |
r-devel-linux-x86_64-fedora-clang | 0.2.2 | 231.18 | NOTE | |||
r-devel-windows-x86_64 | 0.2.2 | 76.00 | 109.00 | 185.00 | NOTE | |
r-patched-linux-x86_64 | 0.2.2 | 74.11 | 59.00 | 133.11 | NOTE | |
r-release-linux-x86_64 | 0.2.2 | 71.18 | 60.01 | 131.19 | NOTE | |
r-release-macos-arm64 | 0.2.2 | 51.00 | NOTE | |||
r-release-macos-x86_64 | 0.2.2 | 66.00 | WARN | |||
r-release-windows-x86_64 | 0.2.2 | 73.00 | 108.00 | 181.00 | NOTE | |
r-oldrel-macos-arm64 | 0.2.2 | 65.00 | NOTE | |||
r-oldrel-macos-x86_64 | 0.2.2 | 102.00 | NOTE | |||
r-oldrel-windows-x86_64 | 0.2.2 | 92.00 | 121.00 | 213.00 | NOTE |
Version: 0.2.2
Check: C++ specification
Result: NOTE
Specified C++11: please drop specification unless essential
Flavors: r-devel-linux-x86_64-debian-clang, r-devel-linux-x86_64-debian-gcc, r-devel-linux-x86_64-fedora-clang, r-devel-windows-x86_64, r-patched-linux-x86_64, r-release-linux-x86_64, r-release-macos-arm64, r-release-macos-x86_64, r-release-windows-x86_64, r-oldrel-macos-arm64, r-oldrel-macos-x86_64, r-oldrel-windows-x86_64
Version: 0.2.2
Check: LazyData
Result: NOTE
'LazyData' is specified without a 'data' directory
Flavors: r-devel-linux-x86_64-debian-clang, r-devel-linux-x86_64-debian-gcc, r-devel-linux-x86_64-fedora-clang, r-devel-windows-x86_64, r-patched-linux-x86_64, r-release-linux-x86_64, r-release-macos-arm64, r-release-macos-x86_64, r-release-windows-x86_64, r-oldrel-macos-arm64, r-oldrel-macos-x86_64, r-oldrel-windows-x86_64
Version: 0.2.2
Check: re-building of vignette outputs
Result: WARN
Error(s) in re-building vignettes:
...
--- re-building ‘Distance-to-default.Rnw’ using knitr
Error: processing vignette 'Distance-to-default.Rnw' failed with diagnostics:
Running 'texi2dvi' on 'Distance-to-default.tex' failed.
LaTeX errors:
! Undefined control sequence.
l.111 \hlkwd{library}\hldef
{(DtD)}
?
! Emergency stop.
! Emergency stop.
l.111
End of file on the terminal!
! ==> Fatal error occurred, no output PDF file produced!
--- failed re-building ‘Distance-to-default.Rnw’
SUMMARY: processing the following file failed:
‘Distance-to-default.Rnw’
Error: Vignette re-building failed.
Execution halted
Flavor: r-release-macos-x86_64