Last updated on 2024-07-18 09:52:13 CEST.
Flavor | Version | Tinstall | Tcheck | Ttotal | Status | Flags |
---|---|---|---|---|---|---|
r-devel-linux-x86_64-debian-clang | 0.5.5 | 16.09 | 41.46 | 57.55 | NOTE | |
r-devel-linux-x86_64-debian-gcc | 0.5.5 | 11.13 | 31.66 | 42.79 | NOTE | |
r-devel-linux-x86_64-fedora-clang | 0.5.5 | 75.59 | NOTE | |||
r-devel-windows-x86_64 | 0.5.5 | 40.00 | 58.00 | 98.00 | NOTE | |
r-patched-linux-x86_64 | 0.5.5 | 12.76 | 40.22 | 52.98 | NOTE | |
r-release-linux-x86_64 | 0.5.5 | 14.91 | 39.92 | 54.83 | NOTE | |
r-release-macos-arm64 | 0.5.5 | 34.00 | NOTE | |||
r-release-macos-x86_64 | 0.5.5 | 55.00 | NOTE | |||
r-release-windows-x86_64 | 0.5.5 | 41.00 | 57.00 | 98.00 | NOTE | |
r-oldrel-macos-arm64 | 0.5.5 | 35.00 | NOTE | |||
r-oldrel-macos-x86_64 | 0.5.5 | 89.00 | NOTE | |||
r-oldrel-windows-x86_64 | 0.5.5 | 35.00 | 64.00 | 99.00 | NOTE |
Version: 0.5.5
Check: for GNU extensions in Makefiles
Result: NOTE
GNU make is a SystemRequirements.
Flavors: r-devel-linux-x86_64-debian-clang, r-devel-linux-x86_64-debian-gcc, r-devel-linux-x86_64-fedora-clang, r-devel-windows-x86_64, r-patched-linux-x86_64, r-release-linux-x86_64, r-release-macos-arm64, r-release-macos-x86_64, r-release-windows-x86_64, r-oldrel-macos-arm64, r-oldrel-macos-x86_64, r-oldrel-windows-x86_64