Last updated on 2024-07-18 09:52:13 CEST.
Flavor | Version | Tinstall | Tcheck | Ttotal | Status | Flags |
---|---|---|---|---|---|---|
r-devel-linux-x86_64-debian-clang | 0.1.0 | 13.51 | 122.66 | 136.17 | OK | |
r-devel-linux-x86_64-debian-gcc | 0.1.0 | 9.51 | 89.95 | 99.46 | OK | |
r-devel-linux-x86_64-fedora-clang | 0.1.0 | 167.45 | NOTE | |||
r-devel-windows-x86_64 | 0.1.0 | 13.00 | 99.00 | 112.00 | OK | |
r-patched-linux-x86_64 | 0.1.0 | 9.07 | 116.50 | 125.57 | OK | |
r-release-linux-x86_64 | 0.1.0 | 10.35 | 117.52 | 127.87 | OK | |
r-release-macos-arm64 | 0.1.0 | 47.00 | OK | |||
r-release-macos-x86_64 | 0.1.0 | 86.00 | OK | |||
r-release-windows-x86_64 | 0.1.0 | 13.00 | 101.00 | 114.00 | OK | |
r-oldrel-macos-arm64 | 0.1.0 | 53.00 | OK | |||
r-oldrel-macos-x86_64 | 0.1.0 | 84.00 | OK | |||
r-oldrel-windows-x86_64 | 0.1.0 | 17.00 | 121.00 | 138.00 | OK |
Version: 0.1.0
Check: dependencies in R code
Result: NOTE
Namespaces in Imports field not imported from:
‘reticulate’ ‘tensorflow’
All declared Imports should be used.
Flavor: r-devel-linux-x86_64-fedora-clang