Last updated on 2024-07-18 09:52:13 CEST.
Flavor | Version | Tinstall | Tcheck | Ttotal | Status | Flags |
---|---|---|---|---|---|---|
r-devel-linux-x86_64-debian-clang | 3.0.9 | 11.34 | 237.86 | 249.20 | NOTE | |
r-devel-linux-x86_64-debian-gcc | 3.0.9 | 10.78 | 177.13 | 187.91 | NOTE | |
r-devel-linux-x86_64-fedora-clang | 3.0.9 | 328.62 | NOTE | |||
r-devel-windows-x86_64 | 3.0.9 | 14.00 | 209.00 | 223.00 | NOTE | |
r-patched-linux-x86_64 | 3.0.9 | 13.93 | 228.74 | 242.67 | NOTE | |
r-release-linux-x86_64 | 3.0.9 | 9.15 | 228.45 | 237.60 | NOTE | |
r-release-macos-arm64 | 3.0.9 | 89.00 | NOTE | |||
r-release-macos-x86_64 | 3.0.9 | 310.00 | NOTE | |||
r-release-windows-x86_64 | 3.0.9 | 12.00 | 199.00 | 211.00 | NOTE | |
r-oldrel-macos-arm64 | 3.0.9 | 88.00 | OK | |||
r-oldrel-macos-x86_64 | 3.0.9 | 176.00 | OK | |||
r-oldrel-windows-x86_64 | 3.0.9 | 17.00 | 243.00 | 260.00 | OK |
Version: 3.0.9
Check: Rd files
Result: NOTE
checkRd: (-1) Constants.Rd:13: Lost braces in \itemize; meant \describe ?
checkRd: (-1) Constants.Rd:14: Lost braces in \itemize; meant \describe ?
checkRd: (-1) Constants.Rd:15: Lost braces in \itemize; meant \describe ?
checkRd: (-1) boxConcMonth.Rd:24: Lost braces; missing escapes or markup?
24 | \item{las}{numeric in {0,1,2,3}; the style of axis labels, see ?par}
| ^
checkRd: (-1) boxQTwice.Rd:28: Lost braces; missing escapes or markup?
28 | \item{las}{numeric in {0,1,2,3}; the style of axis labels, see ?par}
| ^
checkRd: (-1) boxResidMonth.Rd:17: Lost braces; missing escapes or markup?
17 | \item{las}{numeric in {0,1,2,3}; the style of axis labels}
| ^
Flavors: r-devel-linux-x86_64-debian-clang, r-devel-linux-x86_64-debian-gcc, r-devel-linux-x86_64-fedora-clang, r-devel-windows-x86_64, r-patched-linux-x86_64, r-release-linux-x86_64, r-release-macos-arm64, r-release-macos-x86_64, r-release-windows-x86_64