Last updated on 2024-07-18 09:52:13 CEST.
Flavor | Version | Tinstall | Tcheck | Ttotal | Status | Flags |
---|---|---|---|---|---|---|
r-devel-linux-x86_64-debian-clang | 0.29.4 | 38.64 | 108.60 | 147.24 | OK | |
r-devel-linux-x86_64-debian-gcc | 0.29.4 | 23.86 | 94.69 | 118.55 | OK | |
r-devel-linux-x86_64-fedora-clang | 0.29.4 | 200.19 | NOTE | |||
r-devel-windows-x86_64 | 0.29.4 | 29.00 | 138.00 | 167.00 | NOTE | |
r-patched-linux-x86_64 | 0.29.4 | 29.53 | 109.13 | 138.66 | OK | |
r-release-linux-x86_64 | 0.29.4 | 25.43 | 111.75 | 137.18 | OK | |
r-release-macos-arm64 | 0.29.4 | 74.00 | OK | |||
r-release-macos-x86_64 | 0.29.4 | 109.00 | OK | |||
r-release-windows-x86_64 | 0.29.4 | 30.00 | 139.00 | 169.00 | NOTE | |
r-oldrel-macos-arm64 | 0.29.4 | 79.00 | OK | |||
r-oldrel-macos-x86_64 | 0.29.4 | 129.00 | OK | |||
r-oldrel-windows-x86_64 | 0.29.4 | 36.00 | 156.00 | 192.00 | NOTE |
Version: 0.29.4
Check: Rd cross-references
Result: NOTE
Undeclared package ‘EloRating’ in Rd xrefs
Flavor: r-devel-linux-x86_64-fedora-clang
Version: 0.29.4
Check: C++ specification
Result: NOTE
Specified C++11: please drop specification unless essential
Flavors: r-devel-windows-x86_64, r-release-windows-x86_64, r-oldrel-windows-x86_64