Last updated on 2024-07-18 09:52:13 CEST.
Flavor | Version | Tinstall | Tcheck | Ttotal | Status | Flags |
---|---|---|---|---|---|---|
r-devel-linux-x86_64-debian-clang | 0.5.0 | 543.38 | 333.98 | 877.36 | NOTE | |
r-devel-linux-x86_64-debian-gcc | 0.5.0 | 475.39 | 320.25 | 795.64 | NOTE | |
r-devel-linux-x86_64-fedora-clang | 0.5.0 | 1104.19 | NOTE | |||
r-devel-windows-x86_64 | 0.5.0 | 423.00 | 349.00 | 772.00 | NOTE | |
r-patched-linux-x86_64 | 0.5.0 | 400.69 | 426.19 | 826.88 | NOTE | |
r-release-linux-x86_64 | 0.5.0 | 445.59 | 422.62 | 868.21 | NOTE | |
r-release-macos-arm64 | 0.5.0 | 265.00 | NOTE | |||
r-release-macos-x86_64 | 0.5.0 | 284.00 | NOTE | |||
r-release-windows-x86_64 | 0.5.0 | 426.00 | 346.00 | 772.00 | NOTE | |
r-oldrel-macos-arm64 | 0.5.0 | 299.00 | NOTE | |||
r-oldrel-macos-x86_64 | 0.5.0 | 386.00 | NOTE | |||
r-oldrel-windows-x86_64 | 0.5.0 | 547.00 | 425.00 | 972.00 | NOTE |
Version: 0.5.0
Check: for GNU extensions in Makefiles
Result: NOTE
GNU make is a SystemRequirements.
Flavors: r-devel-linux-x86_64-debian-clang, r-devel-linux-x86_64-debian-gcc, r-devel-linux-x86_64-fedora-clang, r-devel-windows-x86_64, r-patched-linux-x86_64, r-release-linux-x86_64, r-release-macos-arm64, r-release-macos-x86_64, r-release-windows-x86_64, r-oldrel-macos-arm64, r-oldrel-macos-x86_64, r-oldrel-windows-x86_64
Version: 0.5.0
Check: installed package size
Result: NOTE
installed size is 6.2Mb
sub-directories of 1Mb or more:
libs 5.0Mb
Flavors: r-devel-linux-x86_64-fedora-clang, r-devel-windows-x86_64, r-release-macos-arm64, r-release-macos-x86_64, r-release-windows-x86_64, r-oldrel-macos-arm64, r-oldrel-macos-x86_64, r-oldrel-windows-x86_64