Last updated on 2024-07-18 09:52:13 CEST.
Flavor | Version | Tinstall | Tcheck | Ttotal | Status | Flags |
---|---|---|---|---|---|---|
r-devel-linux-x86_64-debian-clang | 1.0.2 | 10.70 | 107.11 | 117.81 | NOTE | |
r-devel-linux-x86_64-debian-gcc | 1.0.2 | 9.49 | 79.67 | 89.16 | NOTE | |
r-devel-linux-x86_64-fedora-clang | 1.0.2 | 148.54 | NOTE | |||
r-devel-windows-x86_64 | 1.0.2 | 13.00 | 97.00 | 110.00 | NOTE | |
r-patched-linux-x86_64 | 1.0.2 | 12.53 | 104.18 | 116.71 | NOTE | |
r-release-linux-x86_64 | 1.0.2 | 13.92 | 103.69 | 117.61 | NOTE | |
r-release-macos-arm64 | 1.0.2 | 44.00 | NOTE | |||
r-release-macos-x86_64 | 1.0.2 | 66.00 | NOTE | |||
r-release-windows-x86_64 | 1.0.2 | 14.00 | 97.00 | 111.00 | NOTE | |
r-oldrel-macos-arm64 | 1.0.2 | 50.00 | OK | |||
r-oldrel-macos-x86_64 | 1.0.2 | 79.00 | OK | |||
r-oldrel-windows-x86_64 | 1.0.2 | 16.00 | 115.00 | 131.00 | OK |
Version: 1.0.2
Check: Rd files
Result: NOTE
checkRd: (-1) ALL.Regression.Config-class.Rd:39: Lost braces
39 | \item{code{shrinkage}:}{Object of class \code{"numeric"}, defining the shrinkage parameter applied to each tree in expansion.}
| ^
Flavors: r-devel-linux-x86_64-debian-clang, r-devel-linux-x86_64-debian-gcc, r-devel-linux-x86_64-fedora-clang, r-devel-windows-x86_64, r-patched-linux-x86_64, r-release-linux-x86_64, r-release-macos-arm64, r-release-macos-x86_64, r-release-windows-x86_64