Last updated on 2024-07-18 09:52:15 CEST.
Flavor | Version | Tinstall | Tcheck | Ttotal | Status | Flags |
---|---|---|---|---|---|---|
r-devel-linux-x86_64-debian-clang | 2.3.0 | 177.88 | 610.56 | 788.44 | NOTE | |
r-devel-linux-x86_64-debian-gcc | 2.3.1 | 146.76 | 477.90 | 624.66 | NOTE | |
r-devel-linux-x86_64-fedora-clang | 2.3.1 | 987.94 | NOTE | |||
r-devel-windows-x86_64 | 2.3.1 | 108.00 | 239.00 | 347.00 | NOTE | --no-vignettes |
r-patched-linux-x86_64 | 2.3.0 | 197.97 | 589.32 | 787.29 | NOTE | |
r-release-linux-x86_64 | 2.3.0 | 178.25 | 587.96 | 766.21 | NOTE | |
r-release-macos-arm64 | 2.3.1 | 200.00 | NOTE | |||
r-release-macos-x86_64 | 2.3.1 | 385.00 | NOTE | |||
r-release-windows-x86_64 | 2.3.1 | 136.00 | 226.00 | 362.00 | NOTE | --no-vignettes |
r-oldrel-macos-arm64 | 2.3.1 | 422.00 | NOTE | |||
r-oldrel-macos-x86_64 | 2.3.1 | 630.00 | NOTE | |||
r-oldrel-windows-x86_64 | 2.3.0 | 168.00 | 333.00 | 501.00 | NOTE | --no-vignettes |
Version: 2.3.0
Check: package dependencies
Result: NOTE
Package suggested but not available for checking: ‘dggrids’
Flavors: r-devel-linux-x86_64-debian-clang, r-patched-linux-x86_64, r-release-linux-x86_64
Version: 2.3.1
Check: package dependencies
Result: NOTE
Package suggested but not available for checking: ‘dggrids’
Flavors: r-devel-linux-x86_64-debian-gcc, r-devel-linux-x86_64-fedora-clang, r-release-macos-arm64, r-release-macos-x86_64, r-oldrel-macos-arm64, r-oldrel-macos-x86_64
Version: 2.3.1
Check: installed package size
Result: NOTE
installed size is 9.5Mb
sub-directories of 1Mb or more:
data 4.9Mb
doc 1.8Mb
libs 1.7Mb
Flavors: r-devel-linux-x86_64-fedora-clang, r-release-macos-arm64, r-release-macos-x86_64, r-oldrel-macos-arm64, r-oldrel-macos-x86_64
Version: 2.3.1
Flags: --no-vignettes
Check: package dependencies
Result: NOTE
Package suggested but not available for checking: 'dggrids'
Flavors: r-devel-windows-x86_64, r-release-windows-x86_64
Version: 2.3.1
Flags: --no-vignettes
Check: installed package size
Result: NOTE
installed size is 20.6Mb
sub-directories of 1Mb or more:
data 4.8Mb
doc 1.8Mb
libs 12.8Mb
Flavors: r-devel-windows-x86_64, r-release-windows-x86_64
Version: 2.3.0
Flags: --no-vignettes
Check: package dependencies
Result: NOTE
Package suggested but not available for checking: 'dggrids'
Flavor: r-oldrel-windows-x86_64
Version: 2.3.0
Flags: --no-vignettes
Check: installed package size
Result: NOTE
installed size is 20.8Mb
sub-directories of 1Mb or more:
data 5.0Mb
doc 1.8Mb
libs 13.0Mb
Flavor: r-oldrel-windows-x86_64