Last updated on 2024-07-18 09:52:14 CEST.
Flavor | Version | Tinstall | Tcheck | Ttotal | Status | Flags |
---|---|---|---|---|---|---|
r-devel-linux-x86_64-debian-clang | 4.0.1 | 13.17 | 94.09 | 107.26 | OK | |
r-devel-linux-x86_64-debian-gcc | 4.0.1 | 9.29 | 68.22 | 77.51 | OK | |
r-devel-linux-x86_64-fedora-clang | 4.0.1 | 1.36 | ERROR | |||
r-devel-windows-x86_64 | 4.0.1 | 12.00 | 83.00 | 95.00 | OK | |
r-patched-linux-x86_64 | 4.0.1 | 7.44 | 86.83 | 94.27 | OK | |
r-release-linux-x86_64 | 4.0.1 | 9.10 | 88.37 | 97.47 | OK | |
r-release-macos-arm64 | 4.0.1 | 39.00 | OK | |||
r-release-macos-x86_64 | 4.0.1 | 57.00 | OK | |||
r-release-windows-x86_64 | 4.0.1 | 11.00 | 83.00 | 94.00 | OK | |
r-oldrel-macos-arm64 | 4.0.1 | 44.00 | OK | |||
r-oldrel-macos-x86_64 | 4.0.1 | 85.00 | OK | |||
r-oldrel-windows-x86_64 | 4.0.1 | 17.00 | 101.00 | 118.00 | OK |
Version: 4.0.1
Check: package dependencies
Result: ERROR
Package required but not available: ‘arcgislayers’
See section ‘The DESCRIPTION file’ in the ‘Writing R Extensions’
manual.
Flavor: r-devel-linux-x86_64-fedora-clang