Last updated on 2024-07-18 09:52:15 CEST.
Flavor | Version | Tinstall | Tcheck | Ttotal | Status | Flags |
---|---|---|---|---|---|---|
r-devel-linux-x86_64-debian-clang | 0.9.5 | 6.63 | 39.60 | 46.23 | NOTE | |
r-devel-linux-x86_64-debian-gcc | 0.9.5 | 5.46 | 30.00 | 35.46 | NOTE | |
r-devel-linux-x86_64-fedora-clang | 0.9.5 | 61.11 | NOTE | |||
r-devel-windows-x86_64 | 0.9.5 | 6.00 | 59.00 | 65.00 | NOTE | |
r-patched-linux-x86_64 | 0.9.5 | 7.09 | 37.94 | 45.03 | NOTE | |
r-release-linux-x86_64 | 0.9.5 | 5.78 | 38.57 | 44.35 | NOTE | |
r-release-macos-arm64 | 0.9.5 | 29.00 | NOTE | |||
r-release-macos-x86_64 | 0.9.5 | 45.00 | NOTE | |||
r-release-windows-x86_64 | 0.9.5 | 6.00 | 59.00 | 65.00 | NOTE | |
r-oldrel-macos-arm64 | 0.9.5 | 35.00 | NOTE | |||
r-oldrel-macos-x86_64 | 0.9.5 | 44.00 | NOTE | |||
r-oldrel-windows-x86_64 | 0.9.5 | 8.00 | 61.00 | 69.00 | NOTE |
Version: 0.9.5
Check: LazyData
Result: NOTE
'LazyData' is specified without a 'data' directory
Flavors: r-devel-linux-x86_64-debian-clang, r-devel-linux-x86_64-debian-gcc, r-devel-linux-x86_64-fedora-clang, r-devel-windows-x86_64, r-patched-linux-x86_64, r-release-linux-x86_64, r-release-macos-arm64, r-release-macos-x86_64, r-release-windows-x86_64, r-oldrel-macos-arm64, r-oldrel-macos-x86_64, r-oldrel-windows-x86_64