Last updated on 2024-07-18 09:52:19 CEST.
Flavor | Version | Tinstall | Tcheck | Ttotal | Status | Flags |
---|---|---|---|---|---|---|
r-devel-linux-x86_64-debian-clang | 1.2.5 | 37.06 | 72.86 | 109.92 | OK | |
r-devel-linux-x86_64-debian-gcc | 1.2.5 | 23.63 | 54.80 | 78.43 | OK | |
r-devel-linux-x86_64-fedora-clang | 1.2.5 | 148.25 | OK | |||
r-devel-windows-x86_64 | 1.2.5 | 29.00 | 91.00 | 120.00 | NOTE | |
r-patched-linux-x86_64 | 1.2.5 | 32.75 | 71.23 | 103.98 | OK | |
r-release-linux-x86_64 | 1.2.5 | 30.62 | 69.22 | 99.84 | OK | |
r-release-macos-arm64 | 1.2.5 | 41.00 | NOTE | |||
r-release-macos-x86_64 | 1.2.5 | 64.00 | NOTE | |||
r-release-windows-x86_64 | 1.2.5 | 30.00 | 95.00 | 125.00 | OK | |
r-oldrel-macos-arm64 | 1.2.5 | 50.00 | NOTE | |||
r-oldrel-macos-x86_64 | 1.2.5 | 113.00 | NOTE | |||
r-oldrel-windows-x86_64 | 1.2.5 | 31.00 | 106.00 | 137.00 | OK |
Version: 1.2.5
Check: Rd cross-references
Result: NOTE
Found the following Rd file(s) with Rd \link{} targets missing package
anchors:
GUTS-package.Rd: Rcpp
Please provide package anchors for all Rd \link{} targets not in the
package itself and the base packages.
Flavor: r-devel-windows-x86_64
Version: 1.2.5
Check: installed package size
Result: NOTE
installed size is 5.4Mb
sub-directories of 1Mb or more:
extdata 2.5Mb
libs 2.3Mb
Flavors: r-release-macos-arm64, r-release-macos-x86_64, r-oldrel-macos-arm64, r-oldrel-macos-x86_64