Last updated on 2025-07-05 04:50:15 CEST.
Flavor | Version | Tinstall | Tcheck | Ttotal | Status | Flags |
---|---|---|---|---|---|---|
r-devel-linux-x86_64-debian-clang | 1.4.9 | 31.27 | 222.92 | 254.19 | NOTE | |
r-devel-linux-x86_64-debian-gcc | 1.4.9 | 20.56 | 151.40 | 171.96 | NOTE | |
r-devel-linux-x86_64-fedora-clang | 1.4.9 | 376.09 | NOTE | |||
r-devel-linux-x86_64-fedora-gcc | 1.4.9 | 383.96 | NOTE | |||
r-devel-windows-x86_64 | 1.4.9 | 35.00 | 248.00 | 283.00 | NOTE | |
r-patched-linux-x86_64 | 1.4.9 | 31.50 | 212.42 | 243.92 | NOTE | |
r-release-linux-x86_64 | 1.4.9 | 28.43 | 209.26 | 237.69 | NOTE | |
r-release-macos-arm64 | 1.4.9 | 158.00 | NOTE | |||
r-release-macos-x86_64 | 1.4.9 | 220.00 | NOTE | |||
r-release-windows-x86_64 | 1.4.9 | 33.00 | 251.00 | 284.00 | NOTE | |
r-oldrel-macos-arm64 | 1.4.9 | 105.00 | NOTE | |||
r-oldrel-macos-x86_64 | 1.4.9 | 181.00 | NOTE | |||
r-oldrel-windows-x86_64 | 1.4.9 | 44.00 | 318.00 | 362.00 | NOTE |
Version: 1.4.9
Check: Rd files
Result: NOTE
checkRd: (-1) cpm.Rd:70: Lost braces; missing escapes or markup?
70 | covariates included in \code{formula_l} or {formula_s} (required).}
| ^
Flavors: r-devel-linux-x86_64-debian-clang, r-devel-linux-x86_64-debian-gcc, r-devel-linux-x86_64-fedora-clang, r-devel-linux-x86_64-fedora-gcc, r-devel-windows-x86_64, r-patched-linux-x86_64, r-release-linux-x86_64, r-release-macos-arm64, r-release-macos-x86_64, r-release-windows-x86_64, r-oldrel-macos-arm64, r-oldrel-macos-x86_64, r-oldrel-windows-x86_64