Last updated on 2024-07-18 09:52:16 CEST.
Flavor | Version | Tinstall | Tcheck | Ttotal | Status | Flags |
---|---|---|---|---|---|---|
r-devel-linux-x86_64-debian-clang | 1.5 | 3.58 | 58.70 | 62.28 | OK | |
r-devel-linux-x86_64-debian-gcc | 1.5 | 2.65 | 43.20 | 45.85 | OK | |
r-devel-linux-x86_64-fedora-clang | 1.5 | 76.87 | NOTE | |||
r-devel-windows-x86_64 | 1.5 | 5.00 | 68.00 | 73.00 | NOTE | |
r-patched-linux-x86_64 | 1.5 | 2.13 | 55.73 | 57.86 | OK | |
r-release-linux-x86_64 | 1.5 | 2.17 | 56.10 | 58.27 | OK | |
r-release-macos-arm64 | 1.5 | 38.00 | NOTE | |||
r-release-macos-x86_64 | 1.5 | 50.00 | NOTE | |||
r-release-windows-x86_64 | 1.5 | 5.00 | 66.00 | 71.00 | NOTE | |
r-oldrel-macos-arm64 | 1.5 | 41.00 | NOTE | |||
r-oldrel-macos-x86_64 | 1.5 | 86.00 | NOTE | |||
r-oldrel-windows-x86_64 | 1.5 | 5.00 | 76.00 | 81.00 | NOTE |
Version: 1.5
Check: installed package size
Result: NOTE
installed size is 5.1Mb
sub-directories of 1Mb or more:
extdata 4.9Mb
Flavors: r-devel-linux-x86_64-fedora-clang, r-devel-windows-x86_64, r-release-macos-arm64, r-release-macos-x86_64, r-release-windows-x86_64, r-oldrel-macos-arm64, r-oldrel-macos-x86_64, r-oldrel-windows-x86_64