Last updated on 2024-07-18 09:52:20 CEST.
Flavor | Version | Tinstall | Tcheck | Ttotal | Status | Flags |
---|---|---|---|---|---|---|
r-devel-linux-x86_64-debian-clang | 2.7.4 | 16.06 | 145.93 | 161.99 | NOTE | |
r-devel-linux-x86_64-debian-gcc | 2.7.4 | 10.25 | 105.65 | 115.90 | NOTE | |
r-devel-linux-x86_64-fedora-clang | 2.7.4 | 195.20 | NOTE | |||
r-devel-windows-x86_64 | 2.7.4 | 16.00 | 140.00 | 156.00 | NOTE | |
r-patched-linux-x86_64 | 2.7.4 | 14.21 | 137.90 | 152.11 | NOTE | |
r-release-linux-x86_64 | 2.7.4 | 8.35 | 134.02 | 142.37 | NOTE | |
r-release-macos-arm64 | 2.7.4 | 54.00 | NOTE | |||
r-release-macos-x86_64 | 2.7.4 | 148.00 | NOTE | |||
r-release-windows-x86_64 | 2.7.4 | 16.00 | 139.00 | 155.00 | NOTE | |
r-oldrel-macos-arm64 | 2.7.4 | 58.00 | NOTE | |||
r-oldrel-macos-x86_64 | 2.7.4 | 96.00 | NOTE | |||
r-oldrel-windows-x86_64 | 2.7.4 | 19.00 | 181.00 | 200.00 | NOTE |
Version: 2.7.4
Check: C++ specification
Result: NOTE
Specified C++11: please drop specification unless essential
Flavors: r-devel-linux-x86_64-debian-clang, r-devel-linux-x86_64-debian-gcc, r-devel-linux-x86_64-fedora-clang, r-devel-windows-x86_64, r-patched-linux-x86_64, r-release-linux-x86_64, r-release-macos-arm64, r-release-macos-x86_64, r-release-windows-x86_64, r-oldrel-macos-arm64, r-oldrel-macos-x86_64, r-oldrel-windows-x86_64