Last updated on 2024-07-18 09:52:21 CEST.
Flavor | Version | Tinstall | Tcheck | Ttotal | Status | Flags |
---|---|---|---|---|---|---|
r-devel-linux-x86_64-debian-clang | 0.4-4 | 106.29 | 92.02 | 198.31 | NOTE | --no-vignettes |
r-devel-linux-x86_64-debian-gcc | 0.4-4 | 67.99 | 67.50 | 135.49 | NOTE | --no-vignettes |
r-devel-linux-x86_64-fedora-clang | 0.4-4 | 583.16 | NOTE | |||
r-devel-windows-x86_64 | 0.4-4 | 79.00 | 336.00 | 415.00 | NOTE | |
r-patched-linux-x86_64 | 0.4-4 | 86.20 | 87.93 | 174.13 | NOTE | --no-vignettes |
r-release-linux-x86_64 | 0.4-4 | 85.76 | 87.28 | 173.04 | NOTE | --no-vignettes |
r-release-macos-arm64 | 0.4-4 | 115.00 | NOTE | |||
r-release-macos-x86_64 | 0.4-4 | 162.00 | NOTE | |||
r-release-windows-x86_64 | 0.4-4 | 81.00 | 337.00 | 418.00 | NOTE | |
r-oldrel-macos-arm64 | 0.4-4 | 141.00 | NOTE | |||
r-oldrel-macos-x86_64 | 0.4-4 | 223.00 | NOTE | |||
r-oldrel-windows-x86_64 | 0.4-4 | 98.00 | 353.00 | 451.00 | NOTE |
Version: 0.4-4
Flags: --no-vignettes
Check: C++ specification
Result: NOTE
Specified C++11: please drop specification unless essential
Flavors: r-devel-linux-x86_64-debian-clang, r-devel-linux-x86_64-debian-gcc, r-patched-linux-x86_64, r-release-linux-x86_64
Version: 0.4-4
Check: C++ specification
Result: NOTE
Specified C++11: please drop specification unless essential
Flavors: r-devel-linux-x86_64-fedora-clang, r-devel-windows-x86_64, r-release-macos-arm64, r-release-macos-x86_64, r-release-windows-x86_64, r-oldrel-macos-arm64, r-oldrel-macos-x86_64, r-oldrel-windows-x86_64
Version: 0.4-4
Check: installed package size
Result: NOTE
installed size is 5.8Mb
sub-directories of 1Mb or more:
doc 1.1Mb
libs 3.5Mb
Flavors: r-release-macos-arm64, r-release-macos-x86_64, r-oldrel-macos-arm64, r-oldrel-macos-x86_64