Last updated on 2024-07-18 09:52:21 CEST.
Flavor | Version | Tinstall | Tcheck | Ttotal | Status | Flags |
---|---|---|---|---|---|---|
r-devel-linux-x86_64-debian-clang | 1.2.4 | 3.71 | 134.13 | 137.84 | OK | |
r-devel-linux-x86_64-debian-gcc | 1.2.4 | 3.51 | 103.45 | 106.96 | OK | |
r-devel-linux-x86_64-fedora-clang | 1.2.4 | 181.35 | NOTE | |||
r-devel-windows-x86_64 | 1.2.4 | 6.00 | 146.00 | 152.00 | OK | |
r-patched-linux-x86_64 | 1.2.4 | 3.30 | 130.13 | 133.43 | OK | |
r-release-linux-x86_64 | 1.2.4 | 2.72 | 129.69 | 132.41 | OK | |
r-release-macos-arm64 | 1.2.4 | 61.00 | OK | |||
r-release-macos-x86_64 | 1.2.4 | 90.00 | OK | |||
r-release-windows-x86_64 | 1.2.4 | 5.00 | 149.00 | 154.00 | OK | |
r-oldrel-macos-arm64 | 1.2.4 | 67.00 | OK | |||
r-oldrel-macos-x86_64 | 1.2.4 | 174.00 | OK | |||
r-oldrel-windows-x86_64 | 1.2.4 | 7.00 | 174.00 | 181.00 | OK |
Version: 1.2.4
Check: dependencies in R code
Result: NOTE
Namespaces in Imports field not imported from:
‘recipes’ ‘tune’
All declared Imports should be used.
Flavor: r-devel-linux-x86_64-fedora-clang