Last updated on 2024-07-18 09:52:22 CEST.
Flavor | Version | Tinstall | Tcheck | Ttotal | Status | Flags |
---|---|---|---|---|---|---|
r-devel-linux-x86_64-debian-clang | 1.6.2 | 28.96 | 235.13 | 264.09 | OK | |
r-devel-linux-x86_64-debian-gcc | 1.6.2 | 22.26 | 166.76 | 189.02 | OK | |
r-devel-linux-x86_64-fedora-clang | 1.6.2 | 340.51 | OK | |||
r-devel-windows-x86_64 | 1.6.2 | 25.00 | 184.00 | 209.00 | NOTE | |
r-patched-linux-x86_64 | 1.6.2 | 39.40 | 215.12 | 254.52 | OK | |
r-release-linux-x86_64 | 1.6.2 | 25.31 | 218.19 | 243.50 | OK | |
r-release-macos-arm64 | 1.6.2 | 64.00 | OK | |||
r-release-macos-x86_64 | 1.6.2 | 135.00 | OK | |||
r-release-windows-x86_64 | 1.6.2 | 26.00 | 184.00 | 210.00 | OK | |
r-oldrel-macos-arm64 | 1.6.2 | 71.00 | OK | |||
r-oldrel-macos-x86_64 | 1.6.2 | 140.00 | OK | |||
r-oldrel-windows-x86_64 | 1.6.2 | 32.00 | 237.00 | 269.00 | OK |
Version: 1.6.2
Check: Rd cross-references
Result: NOTE
Found the following Rd file(s) with Rd \link{} targets missing package
anchors:
CompareFiles.Rd: full_join
PlotMapOutput.Rd: geom_sf, geom_sf_text, ggsave
PlotMapPoints.Rd: geom_sf, geom_sf_text, ggsave
PlotPerformanceByAttribute.Rd: left_join, scale_color_manual,
geom_smooth, geom_density, geom_boxplot, scale_x_log10,
scale_y_log10, pseudo_log_trans, scale_x_continuous,
scale_y_continuous, xlab, ylab, ggarrange, ggsave
ReadBasinOutput.Rd: data.table
ReadGeoData.Rd: data.table
ReadMapOutput.Rd: data.table
ReadObs.Rd: data.table
ReadTimeOutput.Rd: data.table
ReadXobs.Rd: data.table
WriteHarmonizedData.Rd: getDTthreads
WriteHarmonizedSpatialDescription.Rd: getDTthreads
distinctColorPalette.Rd: darken
Please provide package anchors for all Rd \link{} targets not in the
package itself and the base packages.
Flavor: r-devel-windows-x86_64