Last updated on 2024-07-18 09:52:22 CEST.
Flavor | Version | Tinstall | Tcheck | Ttotal | Status | Flags |
---|---|---|---|---|---|---|
r-devel-linux-x86_64-debian-clang | 1.0.0 | 6.61 | 68.35 | 74.96 | OK | |
r-devel-linux-x86_64-debian-gcc | 1.0.0 | 5.07 | 49.49 | 54.56 | OK | |
r-devel-linux-x86_64-fedora-clang | 1.0.0 | 94.54 | NOTE | |||
r-devel-windows-x86_64 | 1.0.0 | 8.00 | 91.00 | 99.00 | OK | |
r-patched-linux-x86_64 | 1.0.0 | 7.17 | 64.70 | 71.87 | OK | |
r-release-linux-x86_64 | 1.0.0 | 6.34 | 64.33 | 70.67 | OK | |
r-release-macos-arm64 | 1.0.0 | 28.00 | OK | |||
r-release-macos-x86_64 | 1.0.0 | 43.00 | OK | |||
r-release-windows-x86_64 | 1.0.0 | 8.00 | 86.00 | 94.00 | OK | |
r-oldrel-macos-arm64 | 1.0.0 | 32.00 | OK | |||
r-oldrel-macos-x86_64 | 1.0.0 | 46.00 | OK | |||
r-oldrel-windows-x86_64 | 1.0.0 | 9.00 | 99.00 | 108.00 | OK |
Version: 1.0.0
Check: dependencies in R code
Result: NOTE
Namespace in Imports field not imported from: ‘Rdpack’
All declared Imports should be used.
Flavor: r-devel-linux-x86_64-fedora-clang