Last updated on 2024-07-18 09:52:25 CEST.
Flavor | Version | Tinstall | Tcheck | Ttotal | Status | Flags |
---|---|---|---|---|---|---|
r-devel-linux-x86_64-debian-clang | 2.5.5 | 38.20 | 302.15 | 340.35 | NOTE | |
r-devel-linux-x86_64-debian-gcc | 2.5.5 | 25.59 | 212.49 | 238.08 | NOTE | |
r-devel-linux-x86_64-fedora-clang | 2.5.5 | 403.15 | NOTE | |||
r-devel-windows-x86_64 | 2.5.5 | 24.00 | 191.00 | 215.00 | NOTE | |
r-patched-linux-x86_64 | 2.5.5 | 20.92 | 278.03 | 298.95 | NOTE | |
r-release-linux-x86_64 | 2.5.5 | 20.78 | 280.49 | 301.27 | NOTE | |
r-release-macos-arm64 | 2.5.5 | 88.00 | NOTE | |||
r-release-macos-x86_64 | 2.5.5 | 140.00 | NOTE | |||
r-release-windows-x86_64 | 2.5.5 | 24.00 | 188.00 | 212.00 | NOTE | |
r-oldrel-macos-arm64 | 2.5.5 | 92.00 | OK | |||
r-oldrel-macos-x86_64 | 2.5.5 | 289.00 | OK | |||
r-oldrel-windows-x86_64 | 2.5.5 | 35.00 | 269.00 | 304.00 | OK |
Version: 2.5.5
Check: Rd files
Result: NOTE
checkRd: (-1) is_israd_database.Rd:19: Lost braces in \itemize; meant \describe ?
checkRd: (-1) is_israd_database.Rd:20: Lost braces in \itemize; meant \describe ?
checkRd: (-1) is_israd_database.Rd:21: Lost braces in \itemize; meant \describe ?
checkRd: (-1) is_israd_database.Rd:22: Lost braces in \itemize; meant \describe ?
checkRd: (-1) is_israd_database.Rd:23: Lost braces in \itemize; meant \describe ?
checkRd: (-1) is_israd_database.Rd:24: Lost braces in \itemize; meant \describe ?
checkRd: (-1) is_israd_database.Rd:25: Lost braces in \itemize; meant \describe ?
checkRd: (-1) is_israd_database.Rd:26: Lost braces in \itemize; meant \describe ?
Flavors: r-devel-linux-x86_64-debian-clang, r-devel-linux-x86_64-debian-gcc, r-devel-linux-x86_64-fedora-clang, r-devel-windows-x86_64, r-patched-linux-x86_64, r-release-linux-x86_64, r-release-macos-arm64, r-release-macos-x86_64, r-release-windows-x86_64
Version: 2.5.5
Check: data for non-ASCII characters
Result: NOTE
Note: found 1 marked UTF-8 string
Flavor: r-devel-linux-x86_64-fedora-clang