Last updated on 2024-07-18 09:52:27 CEST.
Flavor | Version | Tinstall | Tcheck | Ttotal | Status | Flags |
---|---|---|---|---|---|---|
r-devel-linux-x86_64-debian-clang | 3.1.2 | 37.04 | 316.03 | 353.07 | OK | |
r-devel-linux-x86_64-debian-gcc | 3.1.2 | 28.42 | 210.52 | 238.94 | OK | |
r-devel-linux-x86_64-fedora-clang | 3.1.2 | 447.69 | NOTE | |||
r-devel-windows-x86_64 | 3.1.2 | 33.00 | 220.00 | 253.00 | OK | |
r-patched-linux-x86_64 | 3.1.2 | 35.90 | 286.90 | 322.80 | OK | |
r-release-linux-x86_64 | 3.1.2 | 38.30 | 282.67 | 320.97 | OK | |
r-release-macos-arm64 | 3.1.2 | 97.00 | OK | |||
r-release-macos-x86_64 | 3.1.2 | 215.00 | OK | |||
r-release-windows-x86_64 | 3.1.2 | 35.00 | 223.00 | 258.00 | OK | |
r-oldrel-macos-arm64 | 3.1.2 | 113.00 | OK | |||
r-oldrel-macos-x86_64 | 3.1.2 | 224.00 | OK | |||
r-oldrel-windows-x86_64 | 3.1.2 | 43.00 | 272.00 | 315.00 | OK |
Version: 3.1.2
Check: installed package size
Result: NOTE
installed size is 7.3Mb
sub-directories of 1Mb or more:
libs 5.5Mb
Flavor: r-devel-linux-x86_64-fedora-clang