Last updated on 2024-07-18 09:52:28 CEST.
Flavor | Version | Tinstall | Tcheck | Ttotal | Status | Flags |
---|---|---|---|---|---|---|
r-devel-linux-x86_64-debian-clang | 1.4.0 | 11.47 | 238.86 | 250.33 | OK | |
r-devel-linux-x86_64-debian-gcc | 1.4.0 | 9.31 | 182.62 | 191.93 | OK | |
r-devel-linux-x86_64-fedora-clang | 1.4.0 | 316.14 | NOTE | |||
r-devel-windows-x86_64 | 1.4.0 | 11.00 | 161.00 | 172.00 | NOTE | |
r-patched-linux-x86_64 | 1.4.0 | 16.74 | 244.13 | 260.87 | OK | |
r-release-linux-x86_64 | 1.4.0 | 7.86 | 245.81 | 253.67 | OK | |
r-release-macos-arm64 | 1.4.0 | 89.00 | OK | |||
r-release-macos-x86_64 | 1.4.0 | 142.00 | OK | |||
r-release-windows-x86_64 | 1.4.0 | 12.00 | 164.00 | 176.00 | OK | |
r-oldrel-macos-arm64 | 1.4.0 | 104.00 | OK | |||
r-oldrel-macos-x86_64 | 1.4.0 | 220.00 | OK | |||
r-oldrel-windows-x86_64 | 1.4.0 | 15.00 | 222.00 | 237.00 | OK |
Version: 1.4.0
Check: data for non-ASCII characters
Result: NOTE
Note: found 2096 marked UTF-8 strings
Flavor: r-devel-linux-x86_64-fedora-clang
Version: 1.4.0
Check: Rd cross-references
Result: NOTE
Found the following Rd file(s) with Rd \link{} targets missing package
anchors:
diagnosys.Rd: corpus
smooth_lss.Rd: locfit, lp
textstat_context.Rd: textstat_keyness, tokens_select
Please provide package anchors for all Rd \link{} targets not in the
package itself and the base packages.
Flavor: r-devel-windows-x86_64