Last updated on 2024-07-18 09:52:26 CEST.
Flavor | Version | Tinstall | Tcheck | Ttotal | Status | Flags |
---|---|---|---|---|---|---|
r-devel-linux-x86_64-debian-clang | 0.6.9-1 | 84.60 | 100.85 | 185.45 | OK | |
r-devel-linux-x86_64-debian-gcc | 0.6.9-1 | 45.13 | 74.92 | 120.05 | OK | |
r-devel-linux-x86_64-fedora-clang | 0.6.9-1 | 259.23 | OK | |||
r-devel-windows-x86_64 | 0.6.9-1 | 62.00 | 119.00 | 181.00 | NOTE | |
r-patched-linux-x86_64 | 0.6.9-1 | 64.37 | 95.56 | 159.93 | OK | |
r-release-linux-x86_64 | 0.6.9-1 | 63.32 | 96.46 | 159.78 | OK | |
r-release-macos-arm64 | 0.6.9-1 | 69.00 | OK | |||
r-release-macos-x86_64 | 0.6.9-1 | 93.00 | OK | |||
r-release-windows-x86_64 | 0.6.9-1 | 63.00 | 113.00 | 176.00 | OK | |
r-oldrel-macos-arm64 | 0.6.9-1 | 61.00 | OK | |||
r-oldrel-macos-x86_64 | 0.6.9-1 | 99.00 | OK | |||
r-oldrel-windows-x86_64 | 0.6.9-1 | 80.00 | 138.00 | 218.00 | OK |
Version: 0.6.9-1
Check: Rd cross-references
Result: NOTE
Found the following Rd file(s) with Rd \link{} targets missing package
anchors:
bootstrap.Rd: boot
Please provide package anchors for all Rd \link{} targets not in the
package itself and the base packages.
Flavor: r-devel-windows-x86_64