Last updated on 2024-07-18 09:52:28 CEST.
Flavor | Version | Tinstall | Tcheck | Ttotal | Status | Flags |
---|---|---|---|---|---|---|
r-devel-linux-x86_64-debian-clang | 2.0 | 5.58 | 50.54 | 56.12 | NOTE | |
r-devel-linux-x86_64-debian-gcc | 2.0 | 3.92 | 37.53 | 41.45 | NOTE | |
r-devel-linux-x86_64-fedora-clang | 2.0 | 72.83 | NOTE | |||
r-devel-windows-x86_64 | 2.0 | 6.00 | 61.00 | 67.00 | NOTE | |
r-patched-linux-x86_64 | 2.0 | 5.60 | 49.18 | 54.78 | NOTE | |
r-release-linux-x86_64 | 2.0 | 5.33 | 48.64 | 53.97 | NOTE | |
r-release-macos-arm64 | 2.0 | 29.00 | NOTE | |||
r-release-macos-x86_64 | 2.0 | 44.00 | NOTE | |||
r-release-windows-x86_64 | 2.0 | 6.00 | 60.00 | 66.00 | NOTE | |
r-oldrel-macos-arm64 | 2.0 | 32.00 | NOTE | |||
r-oldrel-macos-x86_64 | 2.0 | 44.00 | NOTE | |||
r-oldrel-windows-x86_64 | 2.0 | 7.00 | 66.00 | 73.00 | NOTE |
Version: 2.0
Check: LazyData
Result: NOTE
'LazyData' is specified without a 'data' directory
Flavors: r-devel-linux-x86_64-debian-clang, r-devel-linux-x86_64-debian-gcc, r-devel-linux-x86_64-fedora-clang, r-devel-windows-x86_64, r-patched-linux-x86_64, r-release-linux-x86_64, r-release-macos-arm64, r-release-macos-x86_64, r-release-windows-x86_64, r-oldrel-macos-arm64, r-oldrel-macos-x86_64, r-oldrel-windows-x86_64