Last updated on 2024-07-18 09:52:29 CEST.
Flavor | Version | Tinstall | Tcheck | Ttotal | Status | Flags |
---|---|---|---|---|---|---|
r-devel-linux-x86_64-debian-clang | 0.5 | 4.60 | 42.49 | 47.09 | OK | |
r-devel-linux-x86_64-debian-gcc | 0.5 | 3.76 | 31.26 | 35.02 | OK | |
r-devel-linux-x86_64-fedora-clang | 0.5 | 60.51 | NOTE | |||
r-devel-windows-x86_64 | 0.5 | 5.00 | 53.00 | 58.00 | OK | |
r-patched-linux-x86_64 | 0.5 | 5.31 | 41.17 | 46.48 | OK | |
r-release-linux-x86_64 | 0.5 | 4.52 | 41.05 | 45.57 | OK | |
r-release-macos-arm64 | 0.5 | 26.00 | OK | |||
r-release-macos-x86_64 | 0.5 | 38.00 | OK | |||
r-release-windows-x86_64 | 0.5 | 5.00 | 54.00 | 59.00 | OK | |
r-oldrel-macos-arm64 | 0.5 | 29.00 | OK | |||
r-oldrel-macos-x86_64 | 0.5 | 76.00 | OK | |||
r-oldrel-windows-x86_64 | 0.5 | 6.00 | 57.00 | 63.00 | OK |
Version: 0.5
Check: Rd cross-references
Result: NOTE
Undeclared package ‘rms’ in Rd xrefs
Flavor: r-devel-linux-x86_64-fedora-clang