Last updated on 2024-07-18 09:52:29 CEST.
Flavor | Version | Tinstall | Tcheck | Ttotal | Status | Flags |
---|---|---|---|---|---|---|
r-devel-linux-x86_64-debian-clang | 1.3.7 | 20.11 | 316.83 | 336.94 | OK | |
r-devel-linux-x86_64-debian-gcc | 1.3.7 | 15.71 | 231.10 | 246.81 | OK | |
r-devel-linux-x86_64-fedora-clang | 1.3.7 | 431.96 | NOTE | |||
r-devel-windows-x86_64 | 1.3.7 | 16.00 | 188.00 | 204.00 | OK | |
r-patched-linux-x86_64 | 1.3.7 | 12.71 | 292.12 | 304.83 | OK | |
r-release-linux-x86_64 | 1.3.7 | 16.94 | 292.46 | 309.40 | OK | |
r-release-macos-arm64 | 1.3.7 | 102.00 | OK | |||
r-release-macos-x86_64 | 1.3.7 | 148.00 | OK | |||
r-release-windows-x86_64 | 1.3.7 | 16.00 | 188.00 | 204.00 | OK | |
r-oldrel-macos-arm64 | 1.3.7 | 116.00 | OK | |||
r-oldrel-macos-x86_64 | 1.3.7 | 176.00 | OK | |||
r-oldrel-windows-x86_64 | 1.3.7 | 24.00 | 245.00 | 269.00 | OK |
Version: 1.3.7
Check: dependencies in R code
Result: NOTE
Namespace in Imports field not imported from: ‘ranger’
All declared Imports should be used.
Flavor: r-devel-linux-x86_64-fedora-clang