Last updated on 2024-07-18 09:52:29 CEST.
Flavor | Version | Tinstall | Tcheck | Ttotal | Status | Flags |
---|---|---|---|---|---|---|
r-devel-linux-x86_64-debian-clang | 1.0.2 | 51.25 | 159.43 | 210.68 | OK | |
r-devel-linux-x86_64-debian-gcc | 1.0.2 | 34.57 | 118.93 | 153.50 | OK | |
r-devel-linux-x86_64-fedora-clang | 1.0.2 | 289.36 | OK | |||
r-devel-windows-x86_64 | 1.0.2 | 40.00 | 148.00 | 188.00 | NOTE | |
r-patched-linux-x86_64 | 1.0.2 | 48.96 | 159.12 | 208.08 | OK | |
r-release-linux-x86_64 | 1.0.2 | 44.88 | 154.04 | 198.92 | OK | |
r-release-macos-arm64 | 1.0.2 | 56.00 | OK | |||
r-release-macos-x86_64 | 1.0.2 | 106.00 | OK | |||
r-release-windows-x86_64 | 1.0.2 | 39.00 | 153.00 | 192.00 | OK | |
r-oldrel-macos-arm64 | 1.0.2 | 64.00 | OK | |||
r-oldrel-macos-x86_64 | 1.0.2 | 129.00 | OK | |||
r-oldrel-windows-x86_64 | 1.0.2 | 55.00 | 177.00 | 232.00 | OK |
Version: 1.0.2
Check: Rd cross-references
Result: NOTE
Found the following Rd file(s) with Rd \link{} targets missing package
anchors:
spear_dist.Rd: compute_rank_distance
Please provide package anchors for all Rd \link{} targets not in the
package itself and the base packages.
Flavor: r-devel-windows-x86_64