Last updated on 2024-07-18 09:52:28 CEST.
Flavor | Version | Tinstall | Tcheck | Ttotal | Status | Flags |
---|---|---|---|---|---|---|
r-devel-linux-x86_64-debian-clang | 0.4.1 | 4.32 | 42.30 | 46.62 | OK | |
r-devel-linux-x86_64-debian-gcc | 0.4.1 | 3.07 | 32.49 | 35.56 | WARN | |
r-devel-linux-x86_64-fedora-clang | 0.4.1 | 43.32 | WARN | |||
r-devel-windows-x86_64 | 0.4.1 | 6.00 | 58.00 | 64.00 | OK | |
r-patched-linux-x86_64 | 0.4.1 | 3.73 | 41.06 | 44.79 | OK | |
r-release-linux-x86_64 | 0.4.1 | 2.83 | 40.60 | 43.43 | OK | |
r-release-macos-arm64 | 0.4.1 | 29.00 | OK | |||
r-release-macos-x86_64 | 0.4.1 | 65.00 | OK | |||
r-release-windows-x86_64 | 0.4.1 | 6.00 | 54.00 | 60.00 | OK | |
r-oldrel-macos-arm64 | 0.4.1 | 33.00 | OK | |||
r-oldrel-macos-x86_64 | 0.4.1 | 41.00 | OK | |||
r-oldrel-windows-x86_64 | 0.4.1 | 7.00 | 60.00 | 67.00 | OK |
Version: 0.4.1
Check: dependencies in R code
Result: WARN
Missing or unexported object: ‘spatstat.geom::ewcdf’
Flavors: r-devel-linux-x86_64-debian-gcc, r-devel-linux-x86_64-fedora-clang