Last updated on 2024-07-18 04:50:20 CEST.
Flavor | Version | Tinstall | Tcheck | Ttotal | Status | Flags |
---|---|---|---|---|---|---|
r-devel-linux-x86_64-debian-clang | 0.0.25 | 2.92 | 31.24 | 34.16 | OK | |
r-devel-linux-x86_64-debian-gcc | 0.0.25 | 2.30 | 24.54 | 26.84 | OK | |
r-devel-linux-x86_64-fedora-clang | 0.0.25 | 43.19 | OK | |||
r-devel-linux-x86_64-fedora-gcc | 0.0.25 | 53.68 | OK | |||
r-devel-windows-x86_64 | 0.0.25 | 4.00 | 46.00 | 50.00 | NOTE | |
r-patched-linux-x86_64 | 0.0.25 | 4.51 | 30.21 | 34.72 | OK | |
r-release-linux-x86_64 | 0.0.25 | 2.81 | 30.41 | 33.22 | OK | |
r-release-macos-arm64 | 0.0.25 | 28.00 | OK | |||
r-release-macos-x86_64 | 0.0.25 | 34.00 | OK | |||
r-release-windows-x86_64 | 0.0.25 | 3.00 | 46.00 | 49.00 | OK | |
r-oldrel-macos-arm64 | 0.0.25 | 31.00 | OK | |||
r-oldrel-macos-x86_64 | 0.0.25 | 34.00 | OK | |||
r-oldrel-windows-x86_64 | 0.0.25 | 4.00 | 47.00 | 51.00 | OK |
Version: 0.0.25
Check: Rd cross-references
Result: NOTE
Found the following Rd file(s) with Rd \link{} targets missing package
anchors:
device_flow_auth.Rd: oauth_endpoint
discover.Rd: oauth_endpoint
Please provide package anchors for all Rd \link{} targets not in the
package itself and the base packages.
Flavor: r-devel-windows-x86_64