Last updated on 2024-07-18 09:52:29 CEST.
Flavor | Version | Tinstall | Tcheck | Ttotal | Status | Flags |
---|---|---|---|---|---|---|
r-devel-linux-x86_64-debian-clang | 1.4.1 | 29.13 | 297.35 | 326.48 | OK | |
r-devel-linux-x86_64-debian-gcc | 1.4.1 | 23.76 | 209.14 | 232.90 | OK | |
r-devel-linux-x86_64-fedora-clang | 1.4.1 | 416.53 | OK | |||
r-devel-windows-x86_64 | 1.4.1 | 25.00 | 306.00 | 331.00 | NOTE | |
r-patched-linux-x86_64 | 1.4.1 | 40.54 | 273.87 | 314.41 | OK | |
r-release-linux-x86_64 | 1.4.1 | 17.38 | 281.29 | 298.67 | OK | |
r-release-macos-arm64 | 1.4.1 | 105.00 | OK | |||
r-release-macos-x86_64 | 1.4.1 | 181.00 | OK | |||
r-release-windows-x86_64 | 1.4.1 | 28.00 | 300.00 | 328.00 | OK | |
r-oldrel-macos-arm64 | 1.4.1 | 92.00 | OK | |||
r-oldrel-macos-x86_64 | 1.4.1 | 199.00 | OK | |||
r-oldrel-windows-x86_64 | 1.4.1 | 33.00 | 373.00 | 406.00 | OK |
Version: 1.4.1
Check: Rd cross-references
Result: NOTE
Found the following Rd file(s) with Rd \link{} targets missing package
anchors:
LDA.Rd: lda
img_plot.Rd: readJPEG
ldk_contour.Rd: kde2d
links_delaunay.Rd: delaunayn
plot.LDA.Rd: kde2d
plot.PCA.Rd: kde2d
reLDA.Rd: predict.lda
Please provide package anchors for all Rd \link{} targets not in the
package itself and the base packages.
Flavor: r-devel-windows-x86_64