Last updated on 2024-07-18 09:52:29 CEST.
Flavor | Version | Tinstall | Tcheck | Ttotal | Status | Flags |
---|---|---|---|---|---|---|
r-devel-linux-x86_64-debian-clang | 1.0.1.1 | 12.75 | 181.79 | 194.54 | OK | |
r-devel-linux-x86_64-debian-gcc | 1.0.1.1 | 9.22 | 132.19 | 141.41 | OK | |
r-devel-linux-x86_64-fedora-clang | 1.0.1.1 | 235.31 | OK | |||
r-devel-windows-x86_64 | 1.0.1.1 | 11.00 | 264.00 | 275.00 | NOTE | |
r-patched-linux-x86_64 | 1.0.1.1 | 16.80 | 174.41 | 191.21 | OK | |
r-release-linux-x86_64 | 1.0.1.1 | 12.04 | 172.92 | 184.96 | OK | |
r-release-macos-arm64 | 1.0.1.1 | 79.00 | OK | |||
r-release-macos-x86_64 | 1.0.1.1 | 114.00 | OK | |||
r-release-windows-x86_64 | 1.0.1.1 | 12.00 | 264.00 | 276.00 | OK | |
r-oldrel-macos-arm64 | 1.0.1.1 | 77.00 | OK | |||
r-oldrel-macos-x86_64 | 1.0.1.1 | 102.00 | OK | |||
r-oldrel-windows-x86_64 | 1.0.1.1 | 14.00 | 258.00 | 272.00 | OK |
Version: 1.0.1.1
Check: Rd cross-references
Result: NOTE
Found the following Rd file(s) with Rd \link{} targets missing package
anchors:
nmds.calc.Rd: monoMDS, vegan
plot3Dpoints.Rd: plot3D
Please provide package anchors for all Rd \link{} targets not in the
package itself and the base packages.
Flavor: r-devel-windows-x86_64