Last updated on 2024-07-18 09:52:30 CEST.
Flavor | Version | Tinstall | Tcheck | Ttotal | Status | Flags |
---|---|---|---|---|---|---|
r-devel-linux-x86_64-debian-clang | 1.0 | 32.94 | 304.38 | 337.32 | OK | |
r-devel-linux-x86_64-debian-gcc | 1.0 | 33.32 | 224.83 | 258.15 | OK | |
r-devel-linux-x86_64-fedora-clang | 1.0 | 437.81 | NOTE | |||
r-devel-windows-x86_64 | 1.0 | 27.00 | 235.00 | 262.00 | OK | |
r-patched-linux-x86_64 | 1.0 | 29.10 | 297.69 | 326.79 | OK | |
r-release-linux-x86_64 | 1.0 | 0.60 | 2.34 | 2.94 | ERROR | |
r-release-macos-arm64 | 1.0 | 103.00 | OK | |||
r-release-macos-x86_64 | 1.0 | 156.00 | OK | |||
r-release-windows-x86_64 | 1.0 | 25.00 | 218.00 | 243.00 | OK | |
r-oldrel-macos-arm64 | 1.0 | 102.00 | OK | |||
r-oldrel-macos-x86_64 | 1.0 | 169.00 | OK | |||
r-oldrel-windows-x86_64 | 1.0 | 34.00 | 291.00 | 325.00 | OK |
Version: 1.0
Check: dependencies in R code
Result: NOTE
Namespace in Imports field not imported from: ‘magick’
All declared Imports should be used.
Flavor: r-devel-linux-x86_64-fedora-clang
Version: 1.0
Check: package dependencies
Result: ERROR
Package required but not available: ‘RBesT’
See section ‘The DESCRIPTION file’ in the ‘Writing R Extensions’
manual.
Flavor: r-release-linux-x86_64