Last updated on 2024-07-18 09:52:30 CEST.
Flavor | Version | Tinstall | Tcheck | Ttotal | Status | Flags |
---|---|---|---|---|---|---|
r-devel-linux-x86_64-debian-clang | 0.1.0 | 5.69 | 167.01 | 172.70 | OK | |
r-devel-linux-x86_64-debian-gcc | 0.1.0 | 5.05 | 121.50 | 126.55 | OK | |
r-devel-linux-x86_64-fedora-clang | 0.1.0 | 212.80 | NOTE | |||
r-devel-windows-x86_64 | 0.1.0 | 7.00 | 125.00 | 132.00 | OK | |
r-patched-linux-x86_64 | 0.1.0 | 6.03 | 160.76 | 166.79 | OK | |
r-release-linux-x86_64 | 0.1.0 | 5.18 | 156.28 | 161.46 | OK | |
r-release-macos-arm64 | 0.1.0 | 61.00 | OK | |||
r-release-macos-x86_64 | 0.1.0 | 132.00 | OK | |||
r-release-windows-x86_64 | 0.1.0 | 7.00 | 126.00 | 133.00 | OK | |
r-oldrel-macos-arm64 | 0.1.0 | 63.00 | OK | |||
r-oldrel-macos-x86_64 | 0.1.0 | 104.00 | OK | |||
r-oldrel-windows-x86_64 | 0.1.0 | 8.00 | 155.00 | 163.00 | OK |
Version: 0.1.0
Check: dependencies in R code
Result: NOTE
Namespaces in Imports field not imported from:
‘NHSRdatasets’ ‘grid’ ‘utils’
All declared Imports should be used.
Flavor: r-devel-linux-x86_64-fedora-clang