Last updated on 2024-07-18 09:52:30 CEST.
Flavor | Version | Tinstall | Tcheck | Ttotal | Status | Flags |
---|---|---|---|---|---|---|
r-devel-linux-x86_64-debian-clang | 0.0.4 | 63.07 | 214.36 | 277.43 | OK | |
r-devel-linux-x86_64-debian-gcc | 0.0.4 | 42.44 | 147.53 | 189.97 | OK | |
r-devel-linux-x86_64-fedora-clang | 0.0.4 | 360.56 | OK | |||
r-devel-windows-x86_64 | 0.0.4 | 57.00 | 178.00 | 235.00 | NOTE | |
r-patched-linux-x86_64 | 0.0.4 | 58.58 | 199.92 | 258.50 | OK | |
r-release-linux-x86_64 | 0.0.4 | 57.36 | 203.55 | 260.91 | OK | |
r-release-macos-arm64 | 0.0.4 | 92.00 | OK | |||
r-release-macos-x86_64 | 0.0.4 | 135.00 | OK | |||
r-release-windows-x86_64 | 0.0.4 | 56.00 | 180.00 | 236.00 | OK | |
r-oldrel-macos-arm64 | 0.0.4 | 101.00 | OK | |||
r-oldrel-macos-x86_64 | 0.0.4 | 184.00 | OK | |||
r-oldrel-windows-x86_64 | 0.0.4 | 69.00 | 229.00 | 298.00 | OK |
Version: 0.0.4
Check: Rd cross-references
Result: NOTE
Found the following Rd file(s) with Rd \link{} targets missing package
anchors:
ODT.Rd: as.party
PPO.Rd: nnet, Pursuit
as.party.ODT.Rd: party
plot.ODT.Rd: as.party
Please provide package anchors for all Rd \link{} targets not in the
package itself and the base packages.
Flavor: r-devel-windows-x86_64